 -a**2 - 16*a + 3. Calculate t(0).
3
Let s(p) = 8*p + 5. Give s(-2).
-11
Let k(w) = w**2 + 8*w + 16. Determine k(-8).
16
Let b(v) = v**2 - v + 22. Give b(0).
22
Let t(o) = -o**3 - 2*o**2 + o - 2. What is t(-3)?
4
Let g(a) = -a**2 + 13*a - 14. Give g(11).
8
Let j(c) = 4*c**2 + 2*c + 4. Give j(-3).
34
Let o(w) = -w**3 + 45*w**2 - 89*w + 129. Give o(43).
0
Let v(m) = 2*m**3 - 4*m**2 - 3*m - 3. Calculate v(3).
6
Let f(a) = 2*a**2 - 2*a - 6. Give f(-3).
18
Let k(a) = -a**2 + a - 5. Give k(-5).
-35
Let r(v) = -v**2 + v + 25. What is r(5)?
5
Let w(h) = -h**3 - 10*h**2 - 10*h + 9. Give w(-9).
18
Let v(i) = -i**2 - 33*i + 78. Give v(-35).
8
Let o(m) = m + 9. What is o(4)?
13
Let p(d) = -10*d - 575. Calculate p(-57).
-5
Let m(p) = p**3 - 5*p**2 + 5*p + 1. Determine m(6).
67
Let r(o) = -o**2 - 9*o - 7. Determine r(-8).
1
Let k(g) = -g**2 + 4*g - 1. Calculate k(2).
3
Let q(i) = 7*i - 2. What is q(-5)?
-37
Let y(i) = -i**3 - 7*i**2 - 8*i - 13. What is y(-6)?
-1
Let w(c) = -c**3 + 18*c**2 - 19*c + 32. What is w(17)?
-2
Let r(h) = 6*h**2 + 23*h + 6. Determine r(-4).
10
Let g(w) = -w**3 + 17*w**2 - 20*w + 10. What is g(16)?
-54
Let d(p) = 97*p**3 - p**2 + 4*p - 2. What is d(1)?
98
Let k(t) = -t - 5. Calculate k(5).
-10
Let l(z) = -z**2 + 12*z + 1. Calculate l(12).
1
Let i(l) = 3*l + 28. What is i(0)?
28
Let s(w) = -w + 12. Give s(-6).
18
Let c(r) = -r + 3. What is c(2)?
1
Let s(m) = 27*m**2 + 2. Calculate s(1).
29
Let l(z) = -2*z + 31. Give l(16).
-1
Let p(r) = -3*r + 64. Give p(21).
1
Let j(q) = 5*q + 8. Give j(-4).
-12
Let t(s) = 2*s**2 - 8*s + 2. Determine t(6).
26
Let r(n) = n**2 - 11*n + 27. Determine r(4).
-1
Let d(n) = n**2 - 2*n - 13. Give d(-3).
2
Let v(d) = d**3 - 3*d**2 - 5*d + 6. What is v(5)?
31
Let d(s) = -s**3 - 4*s**2 + 3*s - 2. What is d(-4)?
-14
Let j(t) = t**3 - t**2 - 7*t - 6. Determine j(-3).
-21
Let q(n) = n**2 - 2*n - 3. What is q(4)?
5
Let s(n) = n**3 - 26*n**2 - 31*n + 115. What is s(27)?
7
Let k(n) = 11*n + 322. What is k(-30)?
-8
Let h(a) = a**3 + 3*a**2 - a + 3. Calculate h(-3).
6
Let j(c) = 10*c - 3. What is j(1)?
7
Let s(o) = -2*o + 21. Calculate s(8).
5
Let q(g) = g**3 - 16*g**2 - 14*g - 24. Calculate q(17).
27
Let m(o) = o**2 - 6*o - 19. Calculate m(7).
-12
Let l(b) = -3*b + 65. Calculate l(18).
11
Let k(p) = -p**2 - 46*p - 302. Calculate k(-38).
2
Let v(j) = j + 5. Give v(-9).
-4
Let s(m) = -8*m - 27. What is s(-9)?
45
Let l(s) = s**3 + 22*s**2 + 46*s + 49. Determine l(-20).
-71
Let p(h) = -h**3 - 9*h**2 + 27. Give p(-8).
-37
Let r(d) = -7*d + 96. Calculate r(15).
-9
Let z(s) = -6*s - 214. Give z(-34).
-10
Let b(c) = c**3 - 7*c**2 - 8*c + 9. What is b(8)?
9
Let r(g) = -2*g - 18. Determine r(-11).
4
Let j(i) = i**2 + 14*i + 43. Calculate j(-10).
3
Let s(r) = r**2 + 41*r - 2. Give s(0).
-2
Let j(f) = -3*f - 27. Give j(-3).
-18
Let t(i) = 19*i - 34. What is t(3)?
23
Let a(g) = -15*g - 6. Determine a(-6).
84
Let f(o) = -2*o**2 - 4*o - 9. What is f(-4)?
-25
Let z(t) = -t**2 - 6*t + 4. What is z(-8)?
-12
Let t(p) = p**2 + 19*p + 31. What is t(-18)?
13
Let p(v) = -v**3 + 9*v**2 - 7*v - 4. What is p(8)?
4
Let p(d) = d**3 - 9*d**2 + 10*d - 9. Give p(8).
7
Let c(r) = -r**2 - 5*r + 5. Give c(2).
-9
Let y(u) = 18*u - 656. Determine y(37).
10
Let j(g) = -g**3 + 40*g**2 - 174*g - 27. Determine j(35).
8
Let s(r) = r**3 - 7*r**2 + 10*r - 5. Give s(5).
-5
Let u(a) = a**2 + 5*a - 15. Give u(7).
69
Let c(m) = -m**3 - 2*m - 11. What is c(0)?
-11
Let p(z) = -16*z + 213. Calculate p(14).
-11
Let a(s) = s**3 + 12*s**2 + s + 17. What is a(-12)?
5
Let w(p) = p**3 + 5*p**2 - 6*p - 3. What is w(-5)?
27
Let o(z) = z. Determine o(-3).
-3
Let v(r) = -r**3 - 4*r**2 + 5*r - 12. What is v(-5)?
-12
Let w(q) = -2*q - 12. Determine w(-5).
-2
Let k(p) = -p**2 + 51*p - 311. Determine k(7).
-3
Let l(h) = 3*h**3 - 15*h**2 - 8*h + 12. What is l(5)?
-28
Let n(c) = 3*c**2 - 16*c + 29. Calculate n(3).
8
Let a(h) = -h - 37. What is a(-41)?
4
Let w(y) = y**3 - 4*y**2 + 11*y - 5. Calculate w(4).
39
Let r(x) = -x**2 + 16*x + 28. Determine r(18).
-8
Let l(p) = p + 38. Give l(-15).
23
Let c(u) = -u + 11. Give c(14).
-3
Let w(j) = -2*j**2 + 18*j + 5. Calculate w(9).
5
Let u(q) = -2*q**2 + 3*q + 6. Calculate u(6).
-48
Let m(j) = -j**3 - 10*j**2 + 4*j + 20. What is m(-10)?
-20
Let k(y) = y**3 - 9*y**2 + 10*y - 10. Give k(7).
-38
Let a(t) = t**3 - 17*t**2 - 11*t - 44. Give a(18).
82
Let x(o) = o**3 - 63*o**2 - o + 58. Calculate x(63).
-5
Let l(s) = -7*s + 213. Give l(31).
-4
Let r(i) = -40*i - 87. Calculate r(-2).
-7
Let c(t) = -t**2 - 35*t - 306. What is c(-20)?
-6
Let w(i) = -3*i - 30. Give w(-6).
-12
Let h(c) = -c**3 + 3*c**2 + 2*c + 3. Give h(4).
-5
Let u(b) = -b + 5. What is u(-2)?
7
Let g(w) = 3*w**2 + 221*w + 136. Give g(-73).
-10
Let q(c) = -c**2 - 13*c - 18. Calculate q(-12).
-6
Let p(y) = -y**3 + y**2 - y + 26. Give p(0).
26
Let b(p) = p**3 + 2*p**2 - p. Give b(-3).
-6
Let h(i) = 15*i + 491. Calculate h(-33).
-4
Let q(o) = -34*o - 163. Give q(-5).
7
Let h(p) = -2*p**2 + 16*p - 7. Determine h(8).
-7
Let f(h) = -h**3 - h**2 - 2*h - 3. Give f(-3).
21
Let z(c) = -c**2 + 13*c + 7. Calculate z(12).
19
Let l(r) = r**2 + 13*r - 1. Determine l(-11).
-23
Let x(d) = 4*d**3 - 2*d**2 - 6*d + 3. What is x(3)?
75
Let o(q) = -2*q**2 + 22*q - 37. Calculate o(8).
11
Let a(o) = 13*o**2 - 2*o + 1. Give a(1).
12
Let v(a) = -14*a - 252. What is v(-18)?
0
Let w(g) = g**2 - g + 44. Calculate w(0).
44
Let c(b) = -6*b. Give c(-2).
12
Let q(h) = -2*h + 6. Determine q(-5).
16
Let d(z) = z**2 + 14*z + 8. Give d(-14).
8
Let y(n) = -n**3 + n + 2. Determine y(-2).
8
Let f(a) = -a**2 - 11*a - 33. Calculate f(-6).
-3
Let x(z) = -z**2 - 2*z + 2. Determine x(-4).
-6
Let w(i) = i**2 - 5*i + 2. Give w(-4).
38
Let x(v) = -v**2 + 4*v + 9. Give x(6).
-3
Let i(g) = -3*g**3 + 8*g**2 - 3*g - 6. Calculate i(3).
-24
Let p(a) = -15*a + 94. What is p(7)?
-11
Let o(r) = -2*r + 36. What is o(9)?
18
Let c(v) = 2*v - 1. Calculate c(6).
11
Let m(d) = 21*d**2 + 106*d + 2. What is m(-5)?
-3
Let b(v) = -v + 6. Calculate b(3).
3
Let p(j) = j**3 - 3*j**2 - j - 7. Give p(5).
38
Let u(s) = -s**2 + 10*s. Calculate u(7).
21
Let a(j) = 3*j**2 - 2. Give a(3).
25
Let n(r) = -r**3 - 4*r**2 - 4*r. Calculate n(-3).
3
Let r(f) = f + 11. Determine r(-12).
-1
Let o(s) = -s**2 - 2*s - 3. Give o(-6).
-27
Let g(h) = h - 4. Give g(5).
1
Let c(g) = -g**3 - 27*g**2 + 3*g + 72. Determine c(-27).
-9
Let a(n) = -3*n**2 + 6*n - 5. What is a(3)?
-14
Let i(t) = -7*t - 2. Calculate i(-2).
12
Let x(u) = -4*u + 12. What is x(-6)?
36
Let k(n) = n**2 + 20*n + 46. What is k(-17)?
-5
Let n(x) = x**2 + x - 2. What is n(0)?
-2
Let w(z) = 17*z + 17. Give w(-4).
-51
Let z(g) = -g**3 - 8*g**2 + 13*g + 21. Give z(-9).
-15
Let n(r) = -2*r**2 + r - 2. What is n(5)?
-47
Let w(j) = -j**3 - 2*j**2 + j - 2. Give w(0).
-2
Let x(u) = -49*u**2 + 3*u - 3. What is x(1)?
-49
Let s(k) = 11*k - 4. What is s(2)?
18
Let b(x) = -3*x + 19. What is b(9)?
-8
Let r(i) = i**2 + 12*i - 1. What is r(-12)?
-1
Let q(p) = -p**3 + 26*p**2 - 3*p + 57. What is q(26)?
-21
Let k(n) = -n + 5. Determine k(8).
-3
Let m(p) = -2*p**2 - 1. Give m(2).
-9
Let t(a) = -a**2 - 8*a - 1. Calculate t(-6).
11
Let x(h) = h**2 + 5*h + 11. Give x(-7).
25
Let p(t) = -20*t + 57. Calculate p(3).
-3
Let m(o) = -3*o**2 - 6*o + 13. Calculate m(-8).
-131
Let w(f) = 4*f**2 + 5*f + 2. Determine w(-4).
46
Let u(d) = d**2 + 19*d - 18. Give u(-20).
2
Let d(u) = 3*u + 1. What is d(9)?
28
Let r(p) = 10*p**2 - 77*p - 10. What is r(8)?
14
Let u(t) = -t**3 - 10*t**2 - 3*t - 4. Calculate u(-10).
26
Let i(y) = -y**3 - 27*y**2 - 50*y - 12. What is i(-25)?
-12
Let a(r) = -3*r**2 + 2*r - 1. Give a(1).
-2
Let g(b) = -2*b**3 - 3*b**2 + 4*b + 4. Give g(3).
-65
Let f(w) = 5*w**2 - w + 1. Give f(-1).
7
Let k(s) = -s**3 - 6*s**2 + 9*s + 6. Calculate k(-7).
-8
Let a(m) = -24*m. Determine a(-1).
24
Let t(w) = -5*w - 6. Determine t(-5).
19
Let h(d) = 7*d - 26. Determine h(6).
16
Let o(v) = -v**3 - 15*v**2 + 16*v - 1. Calculate o(-16).
-1
Let s(h) = -h**3 + 3*h**2 - 2*h + 6. Give s(5).
-54
Let u(a) = 15*a**2 - 2. What is u(-3)?
133
Let t(g) = -30*g - 33. What is t(-2)?
27
Let h(r) = -r + 11. Determine h(-8).
19
Let s(g) = -2*g**2 - 15*g - 17. What is s(-7)?
-10
Let y(a) = a**3 - 12*a**2 + 32*a - 7. Determine y(7).
-28
Let q(m) = -m**3 - m*